{"id":3,"date":"2020-01-04T17:04:08","date_gmt":"2020-01-04T16:04:08","guid":{"rendered":"http:\/\/www.deinguide.at\/?page_id=3"},"modified":"2021-03-16T08:59:31","modified_gmt":"2021-03-16T07:59:31","slug":"datenschutz","status":"publish","type":"page","link":"https:\/\/www.deinguide.at\/?page_id=3","title":{"rendered":"Datenschutz"},"content":{"rendered":"<div data-colibri-id=\"3-c1\" class=\"style-357 style-local-3-c1 position-relative\">\n  <!---->\n  <div data-colibri-component=\"section\" data-colibri-id=\"3-c2\" id=\"custom\" class=\"h-section h-section-global-spacing d-flex align-items-lg-center align-items-md-center align-items-center style-394 style-local-3-c2 position-relative\">\n    <!---->\n    <!---->\n    <div class=\"h-section-grid-container h-section-boxed-container\">\n      <!---->\n      <div data-colibri-id=\"3-c3\" class=\"h-row-container gutters-row-lg-2 gutters-row-md-2 gutters-row-0 gutters-row-v-lg-2 gutters-row-v-md-2 gutters-row-v-2 style-397 style-local-3-c3 position-relative\">\n        <!---->\n        <div class=\"h-row justify-content-lg-center justify-content-md-center justify-content-center align-items-lg-stretch align-items-md-stretch align-items-stretch gutters-col-lg-2 gutters-col-md-2 gutters-col-0 gutters-col-v-lg-2 gutters-col-v-md-2 gutters-col-v-2\">\n          <!---->\n          <div class=\"h-column h-column-container d-flex h-col-lg-auto h-col-md-auto h-col-auto style-398-outer style-local-3-c4-outer\">\n            <div data-colibri-id=\"3-c4\" class=\"d-flex h-flex-basis h-column__inner h-px-lg-2 h-px-md-2 h-px-2 v-inner-lg-2 v-inner-md-2 v-inner-2 style-398 style-local-3-c4 position-relative\">\n              <!---->\n              <!---->\n              <div class=\"w-100 h-y-container h-column__content h-column__v-align flex-basis-100 align-self-lg-start align-self-md-start align-self-start\">\n                <!---->\n                <div data-colibri-id=\"3-c5\" class=\"h-text h-text-component style-399 style-local-3-c5 position-relative h-element\">\n                  <!---->\n                  <!---->\n                  <div class=\"\">\n                    <p>Als Betreiber dieser Seite nehme ich den Schutz Ihrer pers\u00f6nlichen Daten sehr ernst. Ich behandle Ihre Daten vertraulich und entsprechend der gesetzlichen Datenschutzvorschriften sowie dieser Datenschutzerkl\u00e4rung.<\/p>\n                    <p>\n                      <br>\n                    <\/p>\n                    <p><strong>Kontakt mit mir<\/strong><\/p>\n                    <p>Wenn Sie per E-Mail, telefonisch, postalisch oder pers\u00f6nlich Kontakt mit mir aufnehmen, werden Ihre angegebenen Daten zwecks Bearbeitung der Anfrage und f\u00fcr den Fall von Anschlussfragen max. ein Jahr bei mir gespeichert, soweit nicht\n                      anders angegeben. Diese Daten gebe ich nicht ohne Ihre Einwilligung weiter.<\/p>\n                    <p>\n                      <br>\n                    <\/p>\n                    <p><strong>Zweck der Datenverarbeitung<\/strong><\/p>\n                    <p>Ich verarbeite personenbezogene Daten von Partnern, Interessenten, Kunden und Lieferanten zum Zweck der Erbringung der gesch\u00e4ftlichen T\u00e4tigkeiten und der Erf\u00fcllung damit verbundener gesetzlicher sowie vertraglicher Anforderungen.<\/p>\n                    <p>Alle auf dieser Website verwendeten Fotos stammen, wenn nicht anders angegeben, aus meinem privaten Archiv.<\/p>\n                    <p>\n                      <br>\n                    <\/p>\n                    <p>\n                      <br>\n                    <\/p>\n                  <\/div>\n                <\/div>\n              <\/div>\n            <\/div>\n          <\/div>\n        <\/div>\n      <\/div>\n    <\/div>\n  <\/div>\n<\/div>","protected":false},"excerpt":{"rendered":"<p>Als Betreiber dieser Seite nehme ich den Schutz Ihrer pers\u00f6nlichen Daten sehr ernst. Ich behandle Ihre Daten vertraulich und entsprechend der gesetzlichen Datenschutzvorschriften sowie dieser Datenschutzerkl\u00e4rung. Kontakt mit mir Wenn Sie per E-Mail, telefonisch, postalisch oder pers\u00f6nlich Kontakt mit mir aufnehmen, werden Ihre angegebenen Daten zwecks Bearbeitung der Anfrage und f\u00fcr den Fall von Anschlussfragen [&hellip;]<\/p>\n","protected":false},"author":1,"featured_media":0,"parent":0,"menu_order":0,"comment_status":"closed","ping_status":"closed","template":"page-templates\/full-width-page.php","meta":{"_monsterinsights_skip_tracking":false,"_monsterinsights_sitenote_active":false,"_monsterinsights_sitenote_note":"","_monsterinsights_sitenote_category":0,"footnotes":""},"class_list":["post-3","page","type-page","status-publish","hentry"],"_links":{"self":[{"href":"https:\/\/www.deinguide.at\/index.php?rest_route=\/wp\/v2\/pages\/3","targetHints":{"allow":["GET"]}}],"collection":[{"href":"https:\/\/www.deinguide.at\/index.php?rest_route=\/wp\/v2\/pages"}],"about":[{"href":"https:\/\/www.deinguide.at\/index.php?rest_route=\/wp\/v2\/types\/page"}],"author":[{"embeddable":true,"href":"https:\/\/www.deinguide.at\/index.php?rest_route=\/wp\/v2\/users\/1"}],"replies":[{"embeddable":true,"href":"https:\/\/www.deinguide.at\/index.php?rest_route=%2Fwp%2Fv2%2Fcomments&post=3"}],"version-history":[{"count":20,"href":"https:\/\/www.deinguide.at\/index.php?rest_route=\/wp\/v2\/pages\/3\/revisions"}],"predecessor-version":[{"id":2245,"href":"https:\/\/www.deinguide.at\/index.php?rest_route=\/wp\/v2\/pages\/3\/revisions\/2245"}],"wp:attachment":[{"href":"https:\/\/www.deinguide.at\/index.php?rest_route=%2Fwp%2Fv2%2Fmedia&parent=3"}],"curies":[{"name":"wp","href":"https:\/\/api.w.org\/{rel}","templated":true}]}}