{"id":1140,"date":"2021-02-28T09:34:36","date_gmt":"2021-02-28T08:34:36","guid":{"rendered":"http:\/\/www.deinguide.at\/?page_id=1140"},"modified":"2024-04-17T15:03:49","modified_gmt":"2024-04-17T13:03:49","slug":"beispiele-fuer-running-touren","status":"publish","type":"page","link":"https:\/\/www.deinguide.at\/?page_id=1140","title":{"rendered":"Laufen &#038; Erleben"},"content":{"rendered":"<div data-colibri-id=\"1140-c1\" class=\"style-402 style-local-1140-c1 position-relative\">\r\n  <!---->\r\n  <div data-colibri-component=\"section\" data-colibri-id=\"1140-c2\" id=\"initial-content\" class=\"h-section h-section-global-spacing d-flex align-items-lg-center align-items-md-center align-items-center style-403 style-local-1140-c2 position-relative\">\r\n    <!---->\r\n    <!---->\r\n    <div class=\"h-section-grid-container h-section-boxed-container\">\r\n      <!---->\r\n      <div data-colibri-id=\"1140-c3\" class=\"h-row-container gutters-row-lg-0 gutters-row-md-0 gutters-row-0 gutters-row-v-lg-0 gutters-row-v-md-0 gutters-row-v-0 style-412 style-local-1140-c3 position-relative\">\r\n        <!---->\r\n        <div class=\"h-row justify-content-lg-center justify-content-md-center justify-content-center align-items-lg-stretch align-items-md-stretch align-items-stretch gutters-col-lg-0 gutters-col-md-0 gutters-col-0 gutters-col-v-lg-0 gutters-col-v-md-0 gutters-col-v-0\">\r\n          <!---->\r\n          <div class=\"h-column h-column-container d-flex h-col-lg-auto h-col-md-auto h-col-auto style-413-outer style-local-1140-c4-outer\">\r\n            <div data-colibri-id=\"1140-c4\" class=\"d-flex h-flex-basis h-column__inner h-px-lg-2 h-px-md-2 h-px-2 v-inner-lg-2 v-inner-md-2 v-inner-2 style-413 style-local-1140-c4 position-relative\">\r\n              <!---->\r\n              <!---->\r\n              <div class=\"w-100 h-y-container h-column__content h-column__v-align flex-basis-100 align-self-lg-start align-self-md-start align-self-start\">\r\n                <!---->\r\n                <div data-colibri-id=\"1140-c5\" class=\"h-global-transition-all h-heading style-415 style-local-1140-c5 position-relative h-element\">\r\n                  <!---->\r\n                  <div class=\"h-heading__outer style-415 style-local-1140-c5\">\r\n                    <!---->\r\n                    <!---->\r\n                    <h3 class=\"\">Laufen ist meine gro\u00dfe Leidenschaft.\r\n                      <br>Vielleicht auch Ihre?<\/h3>\r\n                  <\/div>\r\n                <\/div>\r\n              <\/div>\r\n            <\/div>\r\n          <\/div>\r\n        <\/div>\r\n      <\/div>\r\n      <div data-colibri-id=\"1140-c6\" class=\"h-row-container gutters-row-lg-0 gutters-row-md-0 gutters-row-0 gutters-row-v-lg-0 gutters-row-v-md-0 gutters-row-v-0 style-404 style-local-1140-c6 position-relative\">\r\n        <!---->\r\n        <div class=\"h-row justify-content-lg-center justify-content-md-center justify-content-center align-items-lg-stretch align-items-md-stretch align-items-stretch gutters-col-lg-0 gutters-col-md-0 gutters-col-0 gutters-col-v-lg-0 gutters-col-v-md-0 gutters-col-v-0\">\r\n          <!---->\r\n          <div class=\"h-column h-column-container d-flex h-col-lg-auto h-col-md-auto h-col-auto style-405-outer style-local-1140-c7-outer\">\r\n            <div data-colibri-id=\"1140-c7\" class=\"d-flex h-flex-basis h-column__inner h-px-lg-2 h-px-md-2 h-px-2 v-inner-lg-2 v-inner-md-2 v-inner-2 style-405 style-local-1140-c7 position-relative\">\r\n              <!---->\r\n              <!---->\r\n              <div class=\"w-100 h-y-container h-column__content h-column__v-align flex-basis-100 align-self-lg-start align-self-md-start align-self-start\">\r\n                <!---->\r\n                <div data-colibri-id=\"1140-c8\" class=\"h-text h-text-component style-407 style-local-1140-c8 position-relative h-element\">\r\n                  <!---->\r\n                  <!---->\r\n                  <div class=\"\">\r\n                    <p>Mein Angebot als &#8222;Running Guide&#8220; richtet sich an Menschen, die &#8230;<\/p>\r\n                    <p>&#8230; beispielsweise auf Gesch\u00e4ftsreise in der Stadt sind und einfach nur laufen gehen wollen, jedoch keine Zeit haben, selbst eine Laufstrecke suchen,&nbsp;<\/p>\r\n                    <p>&#8230; auf Urlaub sind und eine Citytour machen wollen &#8211; jedoch ganz privat und vielleicht sogar laufend!<\/p>\r\n                    <p>Bei der Auswahl der Laufstrecke richte ich mich nach Ihren Vorgaben &#8211; je nach Zeitbudget und Fitnesslevel.<\/p>\r\n                    <p>\r\n                      <br>\r\n                    <\/p>\r\n                  <\/div>\r\n                <\/div>\r\n              <\/div>\r\n            <\/div>\r\n          <\/div>\r\n        <\/div>\r\n      <\/div>\r\n    <\/div>\r\n  <\/div>\r\n  <div data-colibri-component=\"section\" data-colibri-id=\"1140-c9\" id=\"custom-2\" class=\"h-section h-section-global-spacing d-flex align-items-lg-center align-items-md-center align-items-center style-497 style-local-1140-c9 position-relative\">\r\n    <!---->\r\n    <!---->\r\n    <div class=\"h-section-grid-container h-section-boxed-container\">\r\n      <!---->\r\n      <div data-colibri-id=\"1140-c10\" class=\"h-row-container gutters-row-lg-2 gutters-row-md-2 gutters-row-0 gutters-row-v-lg-2 gutters-row-v-md-2 gutters-row-v-2 style-498 style-local-1140-c10 position-relative\">\r\n        <!---->\r\n        <div class=\"h-row justify-content-lg-center justify-content-md-center justify-content-center align-items-lg-stretch align-items-md-stretch align-items-stretch gutters-col-lg-2 gutters-col-md-2 gutters-col-0 gutters-col-v-lg-2 gutters-col-v-md-2 gutters-col-v-2\">\r\n          <!---->\r\n          <div class=\"h-column h-column-container d-flex h-col-lg-auto h-col-md-auto h-col-auto style-499-outer style-local-1140-c11-outer\">\r\n            <div data-colibri-id=\"1140-c11\" class=\"d-flex h-flex-basis h-column__inner h-px-lg-2 h-px-md-2 h-px-2 v-inner-lg-2 v-inner-md-2 v-inner-2 style-499 style-local-1140-c11 position-relative\">\r\n              <!---->\r\n              <!---->\r\n              <div class=\"w-100 h-y-container h-column__content h-column__v-align flex-basis-100 align-self-lg-start align-self-md-start align-self-start\">\r\n                <!---->\r\n                <div data-colibri-id=\"1140-c12\" class=\"h-global-transition-all h-heading style-501 style-local-1140-c12 position-relative h-element\">\r\n                  <!---->\r\n                  <div class=\"h-heading__outer style-501 style-local-1140-c12\">\r\n                    <!---->\r\n                    <!---->\r\n                    <h4 class=\"\">Oder aber Sie buchen eine meiner bestehenden und beliebten Touren:<\/h4>\r\n                  <\/div>\r\n                <\/div>\r\n              <\/div>\r\n            <\/div>\r\n          <\/div>\r\n        <\/div>\r\n      <\/div>\r\n    <\/div>\r\n  <\/div>\r\n  <div data-colibri-component=\"section\" data-colibri-id=\"1140-c13\" id=\"overlappable\" class=\"h-section h-section-global-spacing d-flex align-items-lg-center align-items-md-center align-items-center style-480 style-local-1140-c13 position-relative\">\r\n    <!---->\r\n    <!---->\r\n    <div class=\"h-section-grid-container h-section-boxed-container\">\r\n      <!---->\r\n      <div data-colibri-id=\"1140-c14\" class=\"h-row-container gutters-row-lg-3 gutters-row-md-0 gutters-row-2 gutters-row-v-lg-3 gutters-row-v-md-0 gutters-row-v-3 style-481 style-local-1140-c14 position-relative\">\r\n        <!---->\r\n        <div class=\"h-row justify-content-lg-center justify-content-md-center justify-content-center align-items-lg-stretch align-items-md-stretch align-items-stretch gutters-col-lg-3 gutters-col-md-0 gutters-col-2 gutters-col-v-lg-3 gutters-col-v-md-0 gutters-col-v-3\">\r\n          <!---->\r\n          <div class=\"h-column h-column-container d-flex h-col-lg-4 h-col-md-4 h-col-12 style-482-outer style-local-1140-c15-outer\">\r\n            <div data-colibri-id=\"1140-c15\" class=\"d-flex h-flex-basis h-column__inner h-px-lg-2 h-px-md-3 h-px-2 v-inner-lg-0 v-inner-md-3 v-inner-2 style-482 style-local-1140-c15 position-relative\">\r\n              <!---->\r\n              <!---->\r\n              <div class=\"w-100 h-y-container h-column__content h-column__v-align flex-basis-100 align-self-lg-start align-self-md-start align-self-start\">\r\n                <!---->\r\n                <div data-colibri-id=\"1140-c16\" class=\"h-icon style-483 style-local-1140-c16 position-relative h-element\">\r\n                  <!----><span class=\"h-svg-icon h-icon__icon style-483-icon style-local-1140-c16-icon\"><!--Icon by Font Awesome (https:\/\/fontawesome.com)--><svg version=\"1.1\" xmlns=\"http:\/\/www.w3.org\/2000\/svg\" xmlns:xlink=\"http:\/\/www.w3.org\/1999\/xlink\" id=\"spinner\" viewBox=\"0 0 1792 1896.0833\"><path d=\"M526 1394q0 53-37.5 90.5T398 1522q-52 0-90-38t-38-90q0-53 37.5-90.5T398 1266t90.5 37.5T526 1394zm498 206q0 53-37.5 90.5T896 1728t-90.5-37.5T768 1600t37.5-90.5T896 1472t90.5 37.5 37.5 90.5zM320 896q0 53-37.5 90.5T192 1024t-90.5-37.5T64 896t37.5-90.5T192 768t90.5 37.5T320 896zm1202 498q0 52-38 90t-90 38q-53 0-90.5-37.5T1266 1394t37.5-90.5 90.5-37.5 90.5 37.5 37.5 90.5zM558 398q0 66-47 113t-113 47-113-47-47-113 47-113 113-47 113 47 47 113zm1170 498q0 53-37.5 90.5T1600 1024t-90.5-37.5T1472 896t37.5-90.5T1600 768t90.5 37.5T1728 896zm-640-704q0 80-56 136t-136 56-136-56-56-136 56-136T896 0t136 56 56 136zm530 206q0 93-66 158.5T1394 622q-93 0-158.5-65.5T1170 398q0-92 65.5-158t158.5-66q92 0 158 66t66 158z\"><\/path><\/svg><\/span><\/div>\r\n                <div\r\n                  data-colibri-id=\"1140-c17\" class=\"h-global-transition-all h-heading style-484 style-local-1140-c17 position-relative h-element\">\r\n                  <!---->\r\n                  <div class=\"h-heading__outer style-484 style-local-1140-c17\">\r\n                    <!---->\r\n                    <!---->\r\n                    <h5 class=\"\">KREMS an der donau<\/h5>\r\n                  <\/div>\r\n              <\/div>\r\n              <div data-colibri-id=\"1140-c18\" class=\"h-text h-text-component style-485 style-local-1140-c18 position-relative h-element\">\r\n                <!---->\r\n                <!---->\r\n                <div class=\"\">\r\n                  <p>Krems City Tour: 6 km, 75 Min.&nbsp;<\/p>\r\n                  <p>Krems &amp; Stein City Tour: 9 km, 90 Min.&nbsp;<\/p>\r\n                  <p>Stein &#8211; Mautern: 6 km, 75 Min.<\/p>\r\n                <\/div>\r\n              <\/div>\r\n            <\/div>\r\n          <\/div>\r\n        <\/div>\r\n        <div class=\"h-column h-column-container d-flex h-col-lg-4 h-col-md-4 h-col-12 style-482-outer style-local-1140-c19-outer\">\r\n          <div data-colibri-id=\"1140-c19\" class=\"d-flex h-flex-basis h-column__inner h-px-lg-2 h-px-md-3 h-px-2 v-inner-lg-0 v-inner-md-3 v-inner-2 style-482 style-local-1140-c19 position-relative\">\r\n            <!---->\r\n            <!---->\r\n            <div class=\"w-100 h-y-container h-column__content h-column__v-align flex-basis-100 align-self-lg-start align-self-md-start align-self-start\">\r\n              <!---->\r\n              <div data-colibri-id=\"1140-c20\" class=\"h-icon style-483 style-local-1140-c20 position-relative h-element\">\r\n                <!----><span class=\"h-svg-icon h-icon__icon style-483-icon style-local-1140-c20-icon\"><!--Icon by Font Awesome (https:\/\/fontawesome.com)--><svg version=\"1.1\" xmlns=\"http:\/\/www.w3.org\/2000\/svg\" xmlns:xlink=\"http:\/\/www.w3.org\/1999\/xlink\" id=\"spinner\" viewBox=\"0 0 1792 1896.0833\"><path d=\"M526 1394q0 53-37.5 90.5T398 1522q-52 0-90-38t-38-90q0-53 37.5-90.5T398 1266t90.5 37.5T526 1394zm498 206q0 53-37.5 90.5T896 1728t-90.5-37.5T768 1600t37.5-90.5T896 1472t90.5 37.5 37.5 90.5zM320 896q0 53-37.5 90.5T192 1024t-90.5-37.5T64 896t37.5-90.5T192 768t90.5 37.5T320 896zm1202 498q0 52-38 90t-90 38q-53 0-90.5-37.5T1266 1394t37.5-90.5 90.5-37.5 90.5 37.5 37.5 90.5zM558 398q0 66-47 113t-113 47-113-47-47-113 47-113 113-47 113 47 47 113zm1170 498q0 53-37.5 90.5T1600 1024t-90.5-37.5T1472 896t37.5-90.5T1600 768t90.5 37.5T1728 896zm-640-704q0 80-56 136t-136 56-136-56-56-136 56-136T896 0t136 56 56 136zm530 206q0 93-66 158.5T1394 622q-93 0-158.5-65.5T1170 398q0-92 65.5-158t158.5-66q92 0 158 66t66 158z\"><\/path><\/svg><\/span><\/div>\r\n              <div\r\n                data-colibri-id=\"1140-c21\" class=\"h-global-transition-all h-heading style-484 style-local-1140-c21 position-relative h-element\">\r\n                <!---->\r\n                <div class=\"h-heading__outer style-484 style-local-1140-c21\">\r\n                  <!---->\r\n                  <!---->\r\n                  <h5 class=\"\">WACHAU<\/h5>\r\n                <\/div>\r\n            <\/div>\r\n            <div data-colibri-id=\"1140-c22\" class=\"h-text h-text-component style-485 style-local-1140-c22 position-relative h-element\">\r\n              <!---->\r\n              <!---->\r\n              <div class=\"\">\r\n                <p>D\u00fcrnstein Anlegestelle &#8211; Vogelbergsteig und Schlossberg &#8211; D\u00fcrnstein:\r\n                  <br>5 km, 90 Min.<\/p>\r\n                <p>Spitz an der Donau &#8211; \u00fcber Ruine Hinterhaus nach Wei\u00dfenkirchen &#8211; Spitz:\r\n                  <br>11 km, 2 Stunden<\/p>\r\n                <p>Spitz an der Donau &#8211; St. Michael &#8211; Spitz:\r\n                  <br> 12.5 km, 3 Stunden<\/p>\r\n              <\/div>\r\n            <\/div>\r\n          <\/div>\r\n        <\/div>\r\n      <\/div>\r\n      <div class=\"h-column h-column-container d-flex h-col-lg-4 h-col-md-4 h-col-12 style-482-outer style-local-1140-c23-outer\">\r\n        <div data-colibri-id=\"1140-c23\" class=\"d-flex h-flex-basis h-column__inner h-px-lg-2 h-px-md-3 h-px-2 v-inner-lg-0 v-inner-md-3 v-inner-2 style-482 style-local-1140-c23 position-relative\">\r\n          <!---->\r\n          <!---->\r\n          <div class=\"w-100 h-y-container h-column__content h-column__v-align flex-basis-100 align-self-lg-start align-self-md-start align-self-start\">\r\n            <!---->\r\n            <div data-colibri-id=\"1140-c24\" class=\"h-icon style-483 style-local-1140-c24 position-relative h-element\">\r\n              <!----><span class=\"h-svg-icon h-icon__icon style-483-icon style-local-1140-c24-icon\"><!--Icon by Font Awesome (https:\/\/fontawesome.com)--><svg version=\"1.1\" xmlns=\"http:\/\/www.w3.org\/2000\/svg\" xmlns:xlink=\"http:\/\/www.w3.org\/1999\/xlink\" id=\"spinner\" viewBox=\"0 0 1792 1896.0833\"><path d=\"M526 1394q0 53-37.5 90.5T398 1522q-52 0-90-38t-38-90q0-53 37.5-90.5T398 1266t90.5 37.5T526 1394zm498 206q0 53-37.5 90.5T896 1728t-90.5-37.5T768 1600t37.5-90.5T896 1472t90.5 37.5 37.5 90.5zM320 896q0 53-37.5 90.5T192 1024t-90.5-37.5T64 896t37.5-90.5T192 768t90.5 37.5T320 896zm1202 498q0 52-38 90t-90 38q-53 0-90.5-37.5T1266 1394t37.5-90.5 90.5-37.5 90.5 37.5 37.5 90.5zM558 398q0 66-47 113t-113 47-113-47-47-113 47-113 113-47 113 47 47 113zm1170 498q0 53-37.5 90.5T1600 1024t-90.5-37.5T1472 896t37.5-90.5T1600 768t90.5 37.5T1728 896zm-640-704q0 80-56 136t-136 56-136-56-56-136 56-136T896 0t136 56 56 136zm530 206q0 93-66 158.5T1394 622q-93 0-158.5-65.5T1170 398q0-92 65.5-158t158.5-66q92 0 158 66t66 158z\"><\/path><\/svg><\/span><\/div>\r\n            <div\r\n              data-colibri-id=\"1140-c25\" class=\"h-global-transition-all h-heading style-484 style-local-1140-c25 position-relative h-element\">\r\n              <!---->\r\n              <div class=\"h-heading__outer style-484 style-local-1140-c25\">\r\n                <!---->\r\n                <!---->\r\n                <h5 class=\"\">WALDVIERTEL<\/h5>\r\n              <\/div>\r\n          <\/div>\r\n          <div data-colibri-id=\"1140-c26\" class=\"h-text h-text-component style-485 style-local-1140-c26 position-relative h-element\">\r\n            <!---->\r\n            <!---->\r\n            <div class=\"\">\r\n              <p>REGION KAMP:<\/p>\r\n              <p>Schloss Rosenburg &#8211; Steinegg &#8211; Schloss Rosenburg:&nbsp;\r\n                <br>14 km, 3 Stunden<\/p>\r\n              <p>Z\u00f6bing &#8211; Sch\u00f6nberg am Kamp &#8211; Z\u00f6bing:&nbsp;\r\n                <br>13 km, 2,5 Stunden<\/p>\r\n              <p>\r\n                <br>\r\n              <\/p>\r\n              <p>REGION THAYA:<\/p>\r\n              <p>Raabs an der Thaya &#8211; Thayarunde &#8222;Romantikweg&#8220;: 7 km, 90 Min.&nbsp;<\/p>\r\n              <p>Raabs an der Thaya &#8211; Thayarunde:\r\n                <br>9 km, 2 Stunden<\/p>\r\n              <p>Raabs an der Thaya-Promenadentour:&nbsp;\r\n                <br>11 km, 2 Std. 15 Min.<\/p>\r\n              <p>Nationalpark Thayatal-Tour:&nbsp;\r\n                <br>9 km, 90 Min.<\/p>\r\n            <\/div>\r\n          <\/div>\r\n        <\/div>\r\n      <\/div>\r\n    <\/div>\r\n  <\/div>\r\n<\/div>\r\n<\/div>\r\n<\/div>\r\n<div data-colibri-component=\"section\" data-colibri-id=\"1140-c27\" id=\"custom-3\" class=\"h-section h-section-global-spacing d-flex align-items-lg-center align-items-md-center align-items-center style-502 style-local-1140-c27 position-relative\">\r\n  <!---->\r\n  <!---->\r\n  <div class=\"h-section-grid-container h-section-boxed-container\">\r\n    <!---->\r\n    <div data-colibri-id=\"1140-c28\" class=\"h-row-container gutters-row-lg-2 gutters-row-md-2 gutters-row-0 gutters-row-v-lg-2 gutters-row-v-md-2 gutters-row-v-2 style-503 style-local-1140-c28 position-relative\">\r\n      <!---->\r\n      <div class=\"h-row justify-content-lg-center justify-content-md-center justify-content-center align-items-lg-stretch align-items-md-stretch align-items-stretch gutters-col-lg-2 gutters-col-md-2 gutters-col-0 gutters-col-v-lg-2 gutters-col-v-md-2 gutters-col-v-2\">\r\n        <!---->\r\n        <div class=\"h-column h-column-container d-flex h-col-lg-auto h-col-md-auto h-col-auto style-504-outer style-local-1140-c29-outer\">\r\n          <div data-colibri-id=\"1140-c29\" class=\"d-flex h-flex-basis h-column__inner h-px-lg-2 h-px-md-2 h-px-2 v-inner-lg-2 v-inner-md-2 v-inner-2 style-504 style-local-1140-c29 position-relative\">\r\n            <!---->\r\n            <!---->\r\n            <div class=\"w-100 h-y-container h-column__content h-column__v-align flex-basis-100 align-self-lg-start align-self-md-start align-self-start\">\r\n              <!---->\r\n              <div data-colibri-id=\"1140-c30\" class=\"h-global-transition-all h-heading style-506 style-local-1140-c30 position-relative h-element\">\r\n                <!---->\r\n                <div class=\"h-heading__outer style-506 style-local-1140-c30\">\r\n                  <!---->\r\n                  <!---->\r\n                  <h4 class=\"\">Alle Touren sind auch als Wandertouren buchbar!<\/h4>\r\n                <\/div>\r\n              <\/div>\r\n            <\/div>\r\n          <\/div>\r\n        <\/div>\r\n      <\/div>\r\n    <\/div>\r\n  <\/div>\r\n<\/div>\r\n<div data-colibri-component=\"section\" data-colibri-id=\"1140-c31\" id=\"custom\" class=\"h-section h-section-global-spacing d-flex align-items-lg-center align-items-md-center align-items-center style-490 style-local-1140-c31 position-relative\">\r\n  <!---->\r\n  <!---->\r\n  <div class=\"h-section-grid-container h-section-boxed-container\">\r\n    <!---->\r\n    <div data-colibri-id=\"1140-c32\" class=\"h-row-container gutters-row-lg-2 gutters-row-md-2 gutters-row-0 gutters-row-v-lg-2 gutters-row-v-md-2 gutters-row-v-2 style-493 style-local-1140-c32 position-relative\">\r\n      <!---->\r\n      <div class=\"h-row justify-content-lg-center justify-content-md-center justify-content-center align-items-lg-stretch align-items-md-stretch align-items-stretch gutters-col-lg-2 gutters-col-md-2 gutters-col-0 gutters-col-v-lg-2 gutters-col-v-md-2 gutters-col-v-2\">\r\n        <!---->\r\n        <div class=\"h-column h-column-container d-flex h-col-lg-auto h-col-md-auto h-col-auto style-494-outer style-local-1140-c33-outer\">\r\n          <div data-colibri-id=\"1140-c33\" class=\"d-flex h-flex-basis h-column__inner h-px-lg-2 h-px-md-2 h-px-2 v-inner-lg-2 v-inner-md-2 v-inner-2 style-494 style-local-1140-c33 position-relative\">\r\n            <!---->\r\n            <!---->\r\n            <div class=\"w-100 h-y-container h-column__content h-column__v-align flex-basis-100 align-self-lg-start align-self-md-start align-self-start\">\r\n              <!---->\r\n              <div data-colibri-id=\"1140-c34\" class=\"h-x-container style-495 style-local-1140-c34 position-relative h-element\">\r\n                <!---->\r\n                <div class=\"h-x-container-inner style-dynamic-1140-c34-group style-495-spacing style-local-1140-c34-spacing\"><span class=\"h-link__outer style-496-outer style-local-1140-c35-outer d-inline-flex h-element\"><a h-use-smooth-scroll=\"true\" href=\"http:\/\/www.deinguide.at\/wp-content\/uploads\/2021\/03\/Flyer-Harry-running-guide_END.pdf\"  data-colibri-id=\"1140-c35\" class=\"d-flex w-100 align-items-center h-link style-496 style-local-1140-c35 position-relative\"><!----><span  class=\"h-svg-icon h-link__icon style-496-icon style-local-1140-c35-icon\"><!--Icon by Font Awesome (https:\/\/fontawesome.com)--><svg version=\"1.1\" xmlns=\"http:\/\/www.w3.org\/2000\/svg\" xmlns:xlink=\"http:\/\/www.w3.org\/1999\/xlink\" id=\"file-pdf-o\" viewBox=\"0 0 1611.2499 1896.0833\"><path d=\"M1468 380q28 28 48 76t20 88v1152q0 40-28 68t-68 28H96q-40 0-68-28t-28-68V96q0-40 28-68T96 0h896q40 0 88 20t76 48zm-444-244v376h376q-10-29-22-41l-313-313q-12-12-41-22zm384 1528V640H992q-40 0-68-28t-28-68V128H128v1536h1280zm-514-593q33 26 84 56 59-7 117-7 147 0 177 49 16 22 2 52 0 1-1 2l-2 2v1q-6 38-71 38-48 0-115-20t-130-53q-221 24-392 83-153 262-242 262-15 0-28-7l-24-12q-1-1-6-5-10-10-6-36 9-40 56-91.5t132-96.5q14-9 23 6 2 2 2 4 52-85 107-197 68-136 104-262-24-82-30.5-159.5T657 552q11-40 42-40h22q23 0 35 15 18 21 9 68-2 6-4 8 1 3 1 8v30q-2 123-14 192 55 164 146 238zm-576 411q52-24 137-158-51 40-87.5 84t-49.5 74zm398-920q-15 42-2 132 1-7 7-44 0-3 7-43 1-4 4-8-1-1-1-2-1-2-1-3-1-22-13-36 0 1-1 2v2zm-124 661q135-54 284-81-2-1-13-9.5t-16-13.5q-76-67-127-176-27 86-83 197-30 56-45 83zm646-16q-24-24-140-24 76 28 124 28 14 0 18-1 0-1-2-3z\"><\/path><\/svg><\/span>                  <span>Download Flyer &#8222;laufend ERLEBEN&#8220;<\/span><\/a>\r\n                  <\/span>\r\n                <\/div>\r\n              <\/div>\r\n            <\/div>\r\n          <\/div>\r\n        <\/div>\r\n      <\/div>\r\n    <\/div>\r\n  <\/div>\r\n<\/div>\r\n<\/div>","protected":false},"excerpt":{"rendered":"<p>Laufen ist meine gro\u00dfe Leidenschaft. Vielleicht auch Ihre? Mein Angebot als &#8222;Running Guide&#8220; richtet sich an Menschen, die &#8230; &#8230; beispielsweise auf Gesch\u00e4ftsreise in der Stadt sind und einfach nur laufen gehen wollen, jedoch keine Zeit haben, selbst eine Laufstrecke suchen,&nbsp; &#8230; auf Urlaub sind und eine Citytour machen wollen &#8211; jedoch ganz privat und [&hellip;]<\/p>\n","protected":false},"author":1,"featured_media":0,"parent":0,"menu_order":0,"comment_status":"closed","ping_status":"closed","template":"page-templates\/full-width-page.php","meta":{"_monsterinsights_skip_tracking":false,"_monsterinsights_sitenote_active":false,"_monsterinsights_sitenote_note":"","_monsterinsights_sitenote_category":0,"footnotes":""},"class_list":["post-1140","page","type-page","status-publish","hentry"],"_links":{"self":[{"href":"https:\/\/www.deinguide.at\/index.php?rest_route=\/wp\/v2\/pages\/1140","targetHints":{"allow":["GET"]}}],"collection":[{"href":"https:\/\/www.deinguide.at\/index.php?rest_route=\/wp\/v2\/pages"}],"about":[{"href":"https:\/\/www.deinguide.at\/index.php?rest_route=\/wp\/v2\/types\/page"}],"author":[{"embeddable":true,"href":"https:\/\/www.deinguide.at\/index.php?rest_route=\/wp\/v2\/users\/1"}],"replies":[{"embeddable":true,"href":"https:\/\/www.deinguide.at\/index.php?rest_route=%2Fwp%2Fv2%2Fcomments&post=1140"}],"version-history":[{"count":20,"href":"https:\/\/www.deinguide.at\/index.php?rest_route=\/wp\/v2\/pages\/1140\/revisions"}],"predecessor-version":[{"id":2087,"href":"https:\/\/www.deinguide.at\/index.php?rest_route=\/wp\/v2\/pages\/1140\/revisions\/2087"}],"wp:attachment":[{"href":"https:\/\/www.deinguide.at\/index.php?rest_route=%2Fwp%2Fv2%2Fmedia&parent=1140"}],"curies":[{"name":"wp","href":"https:\/\/api.w.org\/{rel}","templated":true}]}}